{"version":"1.0","provider_name":"Glut\u00e9nmentes Chef blog - \u00c1tol Tibor","provider_url":"http:\/\/blog.glutenmenteschef.hu","author_name":"gmchef","author_url":"http:\/\/blog.glutenmenteschef.hu\/index.php\/author\/gmchef\/","title":"BAGEL, GLUT\u00c9N- \u00c9S TEJMENTESEN &#8211; Glut\u00e9nmentes Chef blog - \u00c1tol Tibor","type":"rich","width":600,"height":338,"html":"<blockquote class=\"wp-embedded-content\" data-secret=\"SpFioFVmeZ\"><a href=\"http:\/\/blog.glutenmenteschef.hu\/index.php\/2026\/09\/01\/bagel-gluten-es-tejmentesen\/\">BAGEL, GLUT\u00c9N- \u00c9S TEJMENTESEN<\/a><\/blockquote><iframe sandbox=\"allow-scripts\" security=\"restricted\" src=\"http:\/\/blog.glutenmenteschef.hu\/index.php\/2026\/09\/01\/bagel-gluten-es-tejmentesen\/embed\/#?secret=SpFioFVmeZ\" width=\"600\" height=\"338\" title=\"&#8220;BAGEL, GLUT\u00c9N- \u00c9S TEJMENTESEN&#8221; &#8212; Glut\u00e9nmentes Chef blog - \u00c1tol Tibor\" data-secret=\"SpFioFVmeZ\" frameborder=\"0\" marginwidth=\"0\" marginheight=\"0\" scrolling=\"no\" class=\"wp-embedded-content\"><\/iframe><script>\n\/*! This file is auto-generated *\/\n!function(d,l){\"use strict\";l.querySelector&&d.addEventListener&&\"undefined\"!=typeof URL&&(d.wp=d.wp||{},d.wp.receiveEmbedMessage||(d.wp.receiveEmbedMessage=function(e){var t=e.data;if((t||t.secret||t.message||t.value)&&!\/[^a-zA-Z0-9]\/.test(t.secret)){for(var s,r,n,a=l.querySelectorAll('iframe[data-secret=\"'+t.secret+'\"]'),o=l.querySelectorAll('blockquote[data-secret=\"'+t.secret+'\"]'),c=new RegExp(\"^https?:$\",\"i\"),i=0;i<o.length;i++)o[i].style.display=\"none\";for(i=0;i<a.length;i++)s=a[i],e.source===s.contentWindow&&(s.removeAttribute(\"style\"),\"height\"===t.message?(1e3<(r=parseInt(t.value,10))?r=1e3:~~r<200&&(r=200),s.height=r):\"link\"===t.message&&(r=new URL(s.getAttribute(\"src\")),n=new URL(t.value),c.test(n.protocol))&&n.host===r.host&&l.activeElement===s&&(d.top.location.href=t.value))}},d.addEventListener(\"message\",d.wp.receiveEmbedMessage,!1),l.addEventListener(\"DOMContentLoaded\",function(){for(var e,t,s=l.querySelectorAll(\"iframe.wp-embedded-content\"),r=0;r<s.length;r++)(t=(e=s[r]).getAttribute(\"data-secret\"))||(t=Math.random().toString(36).substring(2,12),e.src+=\"#?secret=\"+t,e.setAttribute(\"data-secret\",t)),e.contentWindow.postMessage({message:\"ready\",secret:t},\"*\")},!1)))}(window,document);\n\/\/# sourceURL=http:\/\/blog.glutenmenteschef.hu\/wp-includes\/js\/wp-embed.min.js\n<\/script>\n","thumbnail_url":"http:\/\/blog.glutenmenteschef.hu\/wp-content\/uploads\/2026\/08\/Bagel-2.jpg","thumbnail_width":1024,"thumbnail_height":768,"description":"Ez nem egy lyukas zsemle! Ez Bagel! - ami egy hagyom\u00e1nyos ( lengyel ) zsid\u00f3 eredet\u0171 p\u00e9ks\u00fctem\u00e9ny. N\u00e1lunk j\u00f6tt, l\u00e1tott \u00e9s mindenkit, m\u00e9g a nem glut\u00e9nmentesen \u00e9tkez\u0151ket is meggy\u0151zte!A receptet \u00fagy alak\u00edtottam, hogy glut\u00e9n- \u00e9s tejmentes, de ak\u00e1r toj\u00e1smentesen is elk\u00e9sz\u00edthet\u0151. B\u00e1r alapvet\u0151en a zsemle receptem hozz\u00e1val\u00f3it \u00e9s ar\u00e1nyait vettem alapul, de a m\u00e9zes-sz\u00f3dabikarb\u00f3n\u00e1s v\u00edzben val\u00f3 forr\u00f3 f\u00fcrd\u0151 teszi k\u00fcl\u00f6nlegess\u00e9. Teljesen megv\u00e1ltoztatja a t\u00e9szt\u00e1t. A b\u00e9lzete puh\u00e1bb lesz, a felsz\u00edn\u00e9n egy olyan bevonat k\u00e9pz\u0151dik, amit\u0151l f\u00e9nyes \u00e9s enyh\u00e9n ropog\u00f3s - r\u00e1g\u00f3s lesz, ugyanakkor elz\u00e1rja a p\u00f3lusokat, \u00edgy nehezebben sz\u00e1rad ki, ez\u00e1ltal a puhas\u00e1g\u00e1t is sokkal tov\u00e1bb meg\u0151rzi."}

Gluténmentes Chef blog - Átol Tibor

BAGEL, GLUTÉN- ÉS TEJMENTESEN &#8211; Gluténmentes Chef blog - Átol Tibor

<blockquote class="wp-embedded-content" data-secret="SpFioFVmeZ"><a href="http://blog.glutenmenteschef.hu/index.php/2026/09/01/bagel-gluten-es-tejmentesen/">BAGEL, GLUTÉN- ÉS TEJMENTESEN</a></blockquote><iframe sandbox="allow-scripts" security="restricted" src="http://blog.glutenmenteschef.hu/index.php/2026/09/01/bagel-gluten-es-tejmentesen/embed/#?secret=SpFioFVmeZ" width="600" height="338" title="&#8220;BAGEL, GLUTÉN- ÉS TEJMENTESEN&#8221; &#8212; Gluténmentes Chef blog - Átol Tibor" data-secret="SpFioFVmeZ" frameborder="0" marginwidth="0" marginheight="0" scrolling="no" class="wp-embedded-content"></iframe><script>
/*! This file is auto-generated */
!function(d,l){"use strict";l.querySelector&&d.addEventListener&&"undefined"!=typeof URL&&(d.wp=d.wp||{},d.wp.receiveEmbedMessage||(d.wp.receiveEmbedMessage=function(e){var t=e.data;if((t||t.secret||t.message||t.value)&&!/[^a-zA-Z0-9]/.test(t.secret)){for(var s,r,n,a=l.querySelectorAll('iframe[data-secret="'+t.secret+'"]'),o=l.querySelectorAll('blockquote[data-secret="'+t.secret+'"]'),c=new RegExp("^https?:$","i"),i=0;i<o.length;i++)o[i].style.display="none";for(i=0;i<a.length;i++)s=a[i],e.source===s.contentWindow&&(s.removeAttribute("style"),"height"===t.message?(1e3<(r=parseInt(t.value,10))?r=1e3:~~r<200&&(r=200),s.height=r):"link"===t.message&&(r=new URL(s.getAttribute("src")),n=new URL(t.value),c.test(n.protocol))&&n.host===r.host&&l.activeElement===s&&(d.top.location.href=t.value))}},d.addEventListener("message",d.wp.receiveEmbedMessage,!1),l.addEventListener("DOMContentLoaded",function(){for(var e,t,s=l.querySelectorAll("iframe.wp-embedded-content"),r=0;r<s.length;r++)(t=(e=s[r]).getAttribute("data-secret"))||(t=Math.random().toString(36).substring(2,12),e.src+="#?secret="+t,e.setAttribute("data-secret",t)),e.contentWindow.postMessage({message:"ready",secret:t},"*")},!1)))}(window,document);
//# sourceURL=http://blog.glutenmenteschef.hu/wp-includes/js/wp-embed.min.js
</script>

Ez nem egy lyukas zsemle! Ez Bagel! - ami egy hagyományos ( lengyel ) zsidó eredetű péksütemény. Nálunk jött, látott és mindenkit, még a nem gluténmentesen étkezőket is meggyőzte!A receptet úgy alakítottam, hogy glutén- és tejmentes, de akár tojásmentesen is elkészíthető. Bár alapvetően a zsemle receptem hozzávalóit és arányait vettem alapul, de a mézes-szódabikarbónás vízben való forró fürdő teszi különlegessé. Teljesen megváltoztatja a tésztát. A bélzete puhább lesz, a felszínén egy olyan bevonat képződik, amitől fényes és enyhén ropogós - rágós lesz, ugyanakkor elzárja a pólusokat, így nehezebben szárad ki, ezáltal a puhaságát is sokkal tovább megőrzi.
