{"version":"1.0","provider_name":"Glut\u00e9nmentes Chef blog - \u00c1tol Tibor","provider_url":"http:\/\/blog.glutenmenteschef.hu","author_name":"gmchef","author_url":"http:\/\/blog.glutenmenteschef.hu\/index.php\/author\/gmchef\/","title":"PIZZA GLUT\u00c9NMENTESEN RIZSLISZTB\u0150L &#8211; Glut\u00e9nmentes Chef blog - \u00c1tol Tibor","type":"rich","width":600,"height":338,"html":"<blockquote class=\"wp-embedded-content\" data-secret=\"U1R7pdvqIo\"><a href=\"http:\/\/blog.glutenmenteschef.hu\/index.php\/2018\/04\/24\/pizza-glutenmentesen-rizslisztbol\/\">PIZZA GLUT\u00c9NMENTESEN RIZSLISZTB\u0150L<\/a><\/blockquote><iframe sandbox=\"allow-scripts\" security=\"restricted\" src=\"http:\/\/blog.glutenmenteschef.hu\/index.php\/2018\/04\/24\/pizza-glutenmentesen-rizslisztbol\/embed\/#?secret=U1R7pdvqIo\" width=\"600\" height=\"338\" title=\"&#8220;PIZZA GLUT\u00c9NMENTESEN RIZSLISZTB\u0150L&#8221; &#8212; Glut\u00e9nmentes Chef blog - \u00c1tol Tibor\" data-secret=\"U1R7pdvqIo\" frameborder=\"0\" marginwidth=\"0\" marginheight=\"0\" scrolling=\"no\" class=\"wp-embedded-content\"><\/iframe><script type=\"text\/javascript\">\n\/* <![CDATA[ *\/\n\/*! This file is auto-generated *\/\n!function(d,l){\"use strict\";l.querySelector&&d.addEventListener&&\"undefined\"!=typeof URL&&(d.wp=d.wp||{},d.wp.receiveEmbedMessage||(d.wp.receiveEmbedMessage=function(e){var t=e.data;if((t||t.secret||t.message||t.value)&&!\/[^a-zA-Z0-9]\/.test(t.secret)){for(var s,r,n,a=l.querySelectorAll('iframe[data-secret=\"'+t.secret+'\"]'),o=l.querySelectorAll('blockquote[data-secret=\"'+t.secret+'\"]'),c=new RegExp(\"^https?:$\",\"i\"),i=0;i<o.length;i++)o[i].style.display=\"none\";for(i=0;i<a.length;i++)s=a[i],e.source===s.contentWindow&&(s.removeAttribute(\"style\"),\"height\"===t.message?(1e3<(r=parseInt(t.value,10))?r=1e3:~~r<200&&(r=200),s.height=r):\"link\"===t.message&&(r=new URL(s.getAttribute(\"src\")),n=new URL(t.value),c.test(n.protocol))&&n.host===r.host&&l.activeElement===s&&(d.top.location.href=t.value))}},d.addEventListener(\"message\",d.wp.receiveEmbedMessage,!1),l.addEventListener(\"DOMContentLoaded\",function(){for(var e,t,s=l.querySelectorAll(\"iframe.wp-embedded-content\"),r=0;r<s.length;r++)(t=(e=s[r]).getAttribute(\"data-secret\"))||(t=Math.random().toString(36).substring(2,12),e.src+=\"#?secret=\"+t,e.setAttribute(\"data-secret\",t)),e.contentWindow.postMessage({message:\"ready\",secret:t},\"*\")},!1)))}(window,document);\n\/\/# sourceURL=http:\/\/blog.glutenmenteschef.hu\/wp-includes\/js\/wp-embed.min.js\n\/* ]]> *\/\n<\/script>\n","thumbnail_url":"http:\/\/blog.glutenmenteschef.hu\/wp-content\/uploads\/2018\/04\/pizza-13.jpg","thumbnail_width":1024,"thumbnail_height":768,"description":"Pizza glut\u00e9nmentesen rizslisztb\u0151l Pizza t\u00e9szta: 300 g rizsliszt7 g por\u00e9leszt\u01512 g s\u00f31 g cukor250 g v\u00edz4 g olaj5 g \u00fatif\u0171 magh\u00e9j A vizet meglangyos\u00edtjuk \u00e9s az \u00f6sszes t\u00f6bbi hozz\u00e1val\u00f3val legal\u00e1bb 10 percig dagasztjuk. Olajozott s\u00fct\u0151pap\u00edron, a pizzas\u00fct\u0151lappal megegyez\u0151 m\u00e9ret\u0171re nyomkodjuk k\u00e9zzel. A k\u00f6zep\u00e9t egy kicsit v\u00e9konyabbra ( 2-3 mm ), a sz\u00e9leit egy kicsit vastagabbra Read more..."}

Gluténmentes Chef blog - Átol Tibor

PIZZA GLUTÉNMENTESEN RIZSLISZTBŐL &#8211; Gluténmentes Chef blog - Átol Tibor

<blockquote class="wp-embedded-content" data-secret="U1R7pdvqIo"><a href="http://blog.glutenmenteschef.hu/index.php/2018/04/24/pizza-glutenmentesen-rizslisztbol/">PIZZA GLUTÉNMENTESEN RIZSLISZTBŐL</a></blockquote><iframe sandbox="allow-scripts" security="restricted" src="http://blog.glutenmenteschef.hu/index.php/2018/04/24/pizza-glutenmentesen-rizslisztbol/embed/#?secret=U1R7pdvqIo" width="600" height="338" title="&#8220;PIZZA GLUTÉNMENTESEN RIZSLISZTBŐL&#8221; &#8212; Gluténmentes Chef blog - Átol Tibor" data-secret="U1R7pdvqIo" frameborder="0" marginwidth="0" marginheight="0" scrolling="no" class="wp-embedded-content"></iframe><script type="text/javascript">
/* <![CDATA[ */
/*! This file is auto-generated */
!function(d,l){"use strict";l.querySelector&&d.addEventListener&&"undefined"!=typeof URL&&(d.wp=d.wp||{},d.wp.receiveEmbedMessage||(d.wp.receiveEmbedMessage=function(e){var t=e.data;if((t||t.secret||t.message||t.value)&&!/[^a-zA-Z0-9]/.test(t.secret)){for(var s,r,n,a=l.querySelectorAll('iframe[data-secret="'+t.secret+'"]'),o=l.querySelectorAll('blockquote[data-secret="'+t.secret+'"]'),c=new RegExp("^https?:$","i"),i=0;i<o.length;i++)o[i].style.display="none";for(i=0;i<a.length;i++)s=a[i],e.source===s.contentWindow&&(s.removeAttribute("style"),"height"===t.message?(1e3<(r=parseInt(t.value,10))?r=1e3:~~r<200&&(r=200),s.height=r):"link"===t.message&&(r=new URL(s.getAttribute("src")),n=new URL(t.value),c.test(n.protocol))&&n.host===r.host&&l.activeElement===s&&(d.top.location.href=t.value))}},d.addEventListener("message",d.wp.receiveEmbedMessage,!1),l.addEventListener("DOMContentLoaded",function(){for(var e,t,s=l.querySelectorAll("iframe.wp-embedded-content"),r=0;r<s.length;r++)(t=(e=s[r]).getAttribute("data-secret"))||(t=Math.random().toString(36).substring(2,12),e.src+="#?secret="+t,e.setAttribute("data-secret",t)),e.contentWindow.postMessage({message:"ready",secret:t},"*")},!1)))}(window,document);
//# sourceURL=http://blog.glutenmenteschef.hu/wp-includes/js/wp-embed.min.js
/* ]]> */
</script>

Pizza gluténmentesen rizslisztből Pizza tészta: 300 g rizsliszt7 g porélesztő2 g só1 g cukor250 g víz4 g olaj5 g útifű maghéj A vizet meglangyosítjuk és az összes többi hozzávalóval legalább 10 percig dagasztjuk. Olajozott sütőpapíron, a pizzasütőlappal megegyező méretűre nyomkodjuk kézzel. A közepét egy kicsit vékonyabbra ( 2-3 mm ), a széleit egy kicsit vastagabbra Read more...
