{"version":"1.0","provider_name":"Glut\u00e9nmentes Chef blog - \u00c1tol Tibor","provider_url":"http:\/\/blog.glutenmenteschef.hu","author_name":"gmchef","author_url":"http:\/\/blog.glutenmenteschef.hu\/index.php\/author\/gmchef\/","title":"M\u00c1K CHARLOTTE GLUT\u00c9N- \u00c9S TEJMENTESEN &#8211; Glut\u00e9nmentes Chef blog - \u00c1tol Tibor","type":"rich","width":600,"height":338,"html":"<blockquote class=\"wp-embedded-content\" data-secret=\"D8g7ZhJPBE\"><a href=\"http:\/\/blog.glutenmenteschef.hu\/index.php\/2018\/03\/07\/mak-charlotte-gluten-es-tejmentesen\/\">M\u00c1K CHARLOTTE GLUT\u00c9N- \u00c9S TEJMENTESEN<\/a><\/blockquote><iframe sandbox=\"allow-scripts\" security=\"restricted\" src=\"http:\/\/blog.glutenmenteschef.hu\/index.php\/2018\/03\/07\/mak-charlotte-gluten-es-tejmentesen\/embed\/#?secret=D8g7ZhJPBE\" width=\"600\" height=\"338\" title=\"&#8220;M\u00c1K CHARLOTTE GLUT\u00c9N- \u00c9S TEJMENTESEN&#8221; &#8212; Glut\u00e9nmentes Chef blog - \u00c1tol Tibor\" data-secret=\"D8g7ZhJPBE\" frameborder=\"0\" marginwidth=\"0\" marginheight=\"0\" scrolling=\"no\" class=\"wp-embedded-content\"><\/iframe><script type=\"text\/javascript\">\n\/* <![CDATA[ *\/\n\/*! This file is auto-generated *\/\n!function(d,l){\"use strict\";l.querySelector&&d.addEventListener&&\"undefined\"!=typeof URL&&(d.wp=d.wp||{},d.wp.receiveEmbedMessage||(d.wp.receiveEmbedMessage=function(e){var t=e.data;if((t||t.secret||t.message||t.value)&&!\/[^a-zA-Z0-9]\/.test(t.secret)){for(var s,r,n,a=l.querySelectorAll('iframe[data-secret=\"'+t.secret+'\"]'),o=l.querySelectorAll('blockquote[data-secret=\"'+t.secret+'\"]'),c=new RegExp(\"^https?:$\",\"i\"),i=0;i<o.length;i++)o[i].style.display=\"none\";for(i=0;i<a.length;i++)s=a[i],e.source===s.contentWindow&&(s.removeAttribute(\"style\"),\"height\"===t.message?(1e3<(r=parseInt(t.value,10))?r=1e3:~~r<200&&(r=200),s.height=r):\"link\"===t.message&&(r=new URL(s.getAttribute(\"src\")),n=new URL(t.value),c.test(n.protocol))&&n.host===r.host&&l.activeElement===s&&(d.top.location.href=t.value))}},d.addEventListener(\"message\",d.wp.receiveEmbedMessage,!1),l.addEventListener(\"DOMContentLoaded\",function(){for(var e,t,s=l.querySelectorAll(\"iframe.wp-embedded-content\"),r=0;r<s.length;r++)(t=(e=s[r]).getAttribute(\"data-secret\"))||(t=Math.random().toString(36).substring(2,12),e.src+=\"#?secret=\"+t,e.setAttribute(\"data-secret\",t)),e.contentWindow.postMessage({message:\"ready\",secret:t},\"*\")},!1)))}(window,document);\n\/\/# sourceURL=http:\/\/blog.glutenmenteschef.hu\/wp-includes\/js\/wp-embed.min.js\n\/* ]]> *\/\n<\/script>\n","thumbnail_url":"http:\/\/blog.glutenmenteschef.hu\/wp-content\/uploads\/2018\/03\/makcharlotte-5-e1520370706334.jpg","thumbnail_width":1024,"thumbnail_height":768,"description":"M\u00e1k Charlotte glut\u00e9n- \u00e9s tejmentes &nbsp; &nbsp; M\u00e1kt\u00f6ltel\u00e9k 300 g dar\u00e1lt m\u00e1k 180 g cukor 15 ml rumaroma 1 g citromh\u00e9j 1 g narancsh\u00e9j 200 ml v\u00edz 20 g van\u00edli\u00e1s cukor 1 csipet s\u00f3 A cukrot a v\u00edzzel felf\u0151zz\u00fck, beletessz\u00fck a m\u00e1kot, elkeverj\u00fck \u00e9s leh\u00fazzuk a t\u0171zr\u0151l. Ezut\u00e1n hozz\u00e1adjuk az \u00f6sszes t\u00f6bbi hozz\u00e1val\u00f3t, majd \u00edgy Read more..."}

Gluténmentes Chef blog - Átol Tibor

MÁK CHARLOTTE GLUTÉN- ÉS TEJMENTESEN &#8211; Gluténmentes Chef blog - Átol Tibor

<blockquote class="wp-embedded-content" data-secret="D8g7ZhJPBE"><a href="http://blog.glutenmenteschef.hu/index.php/2018/03/07/mak-charlotte-gluten-es-tejmentesen/">MÁK CHARLOTTE GLUTÉN- ÉS TEJMENTESEN</a></blockquote><iframe sandbox="allow-scripts" security="restricted" src="http://blog.glutenmenteschef.hu/index.php/2018/03/07/mak-charlotte-gluten-es-tejmentesen/embed/#?secret=D8g7ZhJPBE" width="600" height="338" title="&#8220;MÁK CHARLOTTE GLUTÉN- ÉS TEJMENTESEN&#8221; &#8212; Gluténmentes Chef blog - Átol Tibor" data-secret="D8g7ZhJPBE" frameborder="0" marginwidth="0" marginheight="0" scrolling="no" class="wp-embedded-content"></iframe><script type="text/javascript">
/* <![CDATA[ */
/*! This file is auto-generated */
!function(d,l){"use strict";l.querySelector&&d.addEventListener&&"undefined"!=typeof URL&&(d.wp=d.wp||{},d.wp.receiveEmbedMessage||(d.wp.receiveEmbedMessage=function(e){var t=e.data;if((t||t.secret||t.message||t.value)&&!/[^a-zA-Z0-9]/.test(t.secret)){for(var s,r,n,a=l.querySelectorAll('iframe[data-secret="'+t.secret+'"]'),o=l.querySelectorAll('blockquote[data-secret="'+t.secret+'"]'),c=new RegExp("^https?:$","i"),i=0;i<o.length;i++)o[i].style.display="none";for(i=0;i<a.length;i++)s=a[i],e.source===s.contentWindow&&(s.removeAttribute("style"),"height"===t.message?(1e3<(r=parseInt(t.value,10))?r=1e3:~~r<200&&(r=200),s.height=r):"link"===t.message&&(r=new URL(s.getAttribute("src")),n=new URL(t.value),c.test(n.protocol))&&n.host===r.host&&l.activeElement===s&&(d.top.location.href=t.value))}},d.addEventListener("message",d.wp.receiveEmbedMessage,!1),l.addEventListener("DOMContentLoaded",function(){for(var e,t,s=l.querySelectorAll("iframe.wp-embedded-content"),r=0;r<s.length;r++)(t=(e=s[r]).getAttribute("data-secret"))||(t=Math.random().toString(36).substring(2,12),e.src+="#?secret="+t,e.setAttribute("data-secret",t)),e.contentWindow.postMessage({message:"ready",secret:t},"*")},!1)))}(window,document);
//# sourceURL=http://blog.glutenmenteschef.hu/wp-includes/js/wp-embed.min.js
/* ]]> */
</script>

Mák Charlotte glutén- és tejmentes &nbsp; &nbsp; Máktöltelék 300 g darált mák 180 g cukor 15 ml rumaroma 1 g citromhéj 1 g narancshéj 200 ml víz 20 g vaníliás cukor 1 csipet só A cukrot a vízzel felfőzzük, beletesszük a mákot, elkeverjük és lehúzzuk a tűzről. Ezután hozzáadjuk az összes többi hozzávalót, majd így Read more...
